= -9*t. What is the tens digit of t?
2
What is the tens digit of (0 + 4)/(6354/(-909) - -7)?
0
Suppose -5 = 5*b - 6*b. Suppose -b*q + 2795 = 5*c, 2156 = 5*c - 4*q - 684. What is the units digit of 3/(-2)*c/(-18)?
7
What is the units digit of 8432/17 - (0 + 1)?
5
Let r = -1040 - -1972. Suppose 6*f - 28 = r. What is the tens digit of f?
6
Suppose -4*b = 0, 5*f + 4*b + b - 1960 = 0. What is the tens digit of f?
9
Let d(g) = -g**3 - 9*g**2 + 10*g + 2. Let l be d(-10). Suppose l*o + 71 = 3*o - 4*a, 3*o = -a + 252. What is the tens digit of o?
8
What is the tens digit of (-9)/((0 + -2)/88)?
9
Let m(h) be the second derivative of 4*h**3/3 + 19*h**2 + 16*h. What is the units digit of m(9)?
0
Suppose 5*f = 0, -d - 2 = -2*d - 3*f. Let o = -2 - -3. What is the tens digit of 2/d + o*18?
1
Suppose -7*l + 4*l = 3*q - 1722, 3*l = 0. What is the units digit of q?
4
Suppose 3*b - 39 = 3*l - 6*l, 2*b - 31 = -l. What is the tens digit of (-1431)/b*2/(-3)?
5
Let o be 4/(-16) - 1194/(-8). Suppose -3*t + o = -52. What is the units digit of t?
7
Let d(c) = c**2 + 5*c - 6. Let t(j) = -j**2 - 6*j + 7. Let a(k) = 6*d(k) + 5*t(k). Let f(p) = -5*p - 7. Let s be f(-2). What is the units digit of a(s)?
8
Let y(o) = o**2 - 2*o - 3. Let v be y(4). Suppose 2*p - g = -3*p + 11, -5*g = v*p - 35. What is the units digit of 43 - p*(-4)/6?
5
Let h(l) be the third derivative of l**5/10 - l**4/24 + l**2. Let u(t) = -2*t**2 - 20*t + 1. Let c be u(-10). What is the units digit of h(c)?
5
Let l be (-1 + 3)/(2/4). Suppose -6*z + 3*k + 302 = -z, -l*k = -4*z + 248. What is the units digit of z?
8
Let r(y) = 3*y + 1. Let z(a) = 2*a - 9. Let x be z(7). Suppose 0 = 5*q + 3*t - 1 - 24, -q - 5*t = -x. What is the tens digit of r(q)?
1
Suppose -3*c + 20 = g - 16, -4*g - 3*c = -153. Suppose 4*j - 173 = g. What is the units digit of j?
3
Suppose -5*x + 67 = -43. Let u be 1206/x - 4/(-22). Suppose -13*f + u = -8*f. What is the units digit of f?
1
Suppose -83 = -r - 87. What is the tens digit of 22*(r/6)/((-30)/45)?
2
Suppose 120 = -0*o + 5*o + 5*f, 0 = 2*o - 3*f - 38. Suppose x + o = k - 17, -2*k + 88 = -4*x. What is the tens digit of k?
3
Let p(c) = -c**3 + 9*c**2 - 2*c - 6. Let o be p(6). Let g = -12 + o. What is the units digit of g?
8
Let d(s) = s + 8. Let m be 18/(-4)*(-12)/(-9). Let o be d(m). What is the units digit of (-5)/(o/(-2))*5?
5
Suppose 11 = -4*j - 2*g - 3, 0 = -3*j - 5*g - 28. Let d(v) = -146*v - 2. What is the hundreds digit of d(j)?
1
Suppose f = -5*p + 3*p + 102, 2*f = -p + 54. Let k = p - 4. What is the tens digit of k?
4
What is the thousands digit of (2969 - -53) + (5 - -1)?
3
Let u(w) = 4*w**2 + 7*w + 66. What is the hundreds digit of u(-11)?
4
Suppose 2*o + 3*a = 2*a - 5, -13 = 5*o + 3*a. Suppose -2*b + 3*t + 39 = 8, t + 45 = 5*b. Let r = o + b. What is the units digit of r?
6
Suppose 4*n - 13 = 19. Let z = n - 2. What is the units digit of 1/((z/(-26))/(-3))?
3
Let l = 1215 - 696. What is the hundreds digit of l?
5
Let n(x) = 85*x**2 - x. Let c be ((-3)/(-2))/(12/(-8) - -3). What is the tens digit of n(c)?
8
What is the units digit of 15/9 + (-614)/(-6)?
4
Let y be (5/(-1))/((-3)/(-6)). Let z be 85/y + 3/2. Let u(w) = -4*w - 10. What is the units digit of u(z)?
8
Let u be -1*8/(-12)*-834. What is the tens digit of (-18)/(-63) - u/14?
4
Let t(z) = 38*z - 55. What is the units digit of t(8)?
9
Let t(h) = -h**3 + 5*h**2 - 2*h - 13. Let q be t(-6). Suppose 2*v = p + q, 4*p = 4*v - 5*v + 184. What is the hundreds digit of v?
1
Let n = 373 + -231. Suppose -8*v = 30 - n. What is the units digit of v?
4
Let o(a) = -2*a - 2*a**3 + a**3 + 52*a**2 + 2 - 59*a**2. What is the tens digit of o(-7)?
1
Let l = 93 - 52. Let m = -7 + 12. Suppose -4*a + l = m. What is the units digit of a?
9
Let m be (-2 + 4)/(2 + -1). Suppose 4*j = m*d + 354, -j = d - 4*d - 91. Suppose 0 = -2*r - 2*r + j. What is the units digit of r?
2
Let v(z) = -z + 4. Let c be v(2). Suppose -8 = -c*k + q, -5*k - 3*q + 33 = q. What is the units digit of k?
5
Suppose 3*y + 4*r - 1604 = 0, 10*r + 1031 = 2*y + 5*r. What is the hundreds digit of y?
5
Suppose -3*t = 3 - 18. Let l(p) = p**3 - 5*p**2 + 9*p + 7. What is the units digit of l(t)?
2
Suppose -7*s + 623 = -5*s - 3*c, -3*s + c = -938. Let v = -193 + s. Suppose -6*h + 10*h = v. What is the tens digit of h?
3
Suppose 0*o + 4*o - 5*b = 16, o + 11 = 5*b. Suppose 9*g - 6*g - o = 0. Suppose 5*j + 10 = 0, 0*j - 3*j - 81 = -g*f. What is the tens digit of f?
2
Suppose -3*h - 11 = -59. What is the hundreds digit of (-3 + -2)*(-69)/30*h?
1
Suppose -18*r + 16*r + 370 = 0. Suppose -2*l = -3*i + r, 3*l = -l + 8. What is the tens digit of i?
6
Let j(f) = -3*f**2 + 5 + 4*f**2 + 2 + f**2. Let o(k) = k**3 + 4*k**2 + k - 1. Let m be o(-4). What is the units digit of j(m)?
7
Suppose -831*r + 845*r - 37604 = 0. What is the hundreds digit of r?
6
Let j(i) = 114*i - 57*i - 52*i + 12*i**2 + 5. What is the tens digit of j(-3)?
9
Let x(k) be the third derivative of -k**6/24 - k**5/60 - k**4/24 + k**3/6 - 2*k**2. Let g be x(1). What is the units digit of ((-8)/g)/(6/27)?
6
Suppose 0 + 7 = r. Suppose -x = -r - 0. What is the units digit of x?
7
Let p(z) = z**2 - 2*z - 12. Let x be p(5). Suppose -4*b - 2*h = -666, -342 - 299 = -4*b + x*h. What is the tens digit of b?
6
Suppose 0 = a - q + 22 + 34, 3*a = -q - 176. Let i = -31 - a. What is the units digit of i?
7
Let z(l) be the first derivative of -l**3/3 + 8*l**2 - 10*l + 1. Let v be z(6). Let d = v - 14. What is the units digit of d?
6
Let f be (138/(-42) - -3) + (-191)/(-7). What is the units digit of (36/f)/((-464)/234 - -2)?
8
Let p be (-40)/12 + 4/(-6). What is the units digit of p - (-128)/(1 + 1)?
0
Suppose 2*y - 1926 = 8*s - 9*s, -5*y - 3*s = -4815. What is the tens digit of y?
6
What is the units digit of ((-87)/6*4)/(3/(-15))?
0
What is the units digit of (-7 - 0)/(45/(-6525))?
5
What is the hundreds digit of -1*(73752/(-98) - 3/7)?
7
Suppose 4*y = 9*y + 40. Let t be y/((-2)/4 - -1). What is the tens digit of (60/16)/((-3)/t)?
2
Suppose -12 = 3*q - 5*j + 1, 0 = -q - 4*j + 24. Suppose 5*t - 5 - 11 = -4*v, -q*t + v = 4. Suppose t = -7*g + 6*g + 77. What is the tens digit of g?
7
Let g(z) = -6 + 5 + 18*z + 7. What is the tens digit of g(5)?
9
Let r = -5963 - -8740. What is the thousands digit of r?
2
Let f(j) = 8*j + 92. What is the units digit of f(4)?
4
Let a be (8/(-3))/((-2)/18). Suppose 5*f - a = 3*s, -7*s - f = -3*s + 9. Let o = s + 25. What is the tens digit of o?
2
Suppose 2*f = 3*z + 2*z + 537, -246 = -f - 2*z. Suppose 0*k - 253 = -5*a - 2*k, k = 5*a - f. What is the tens digit of a?
5
Suppose -r + 10*u = 11*u - 602, -2*r + 1198 = -4*u. What is the tens digit of r?
0
Suppose -4*t + 11 = 47. Let y(i) = i**3 + 11*i**2 + 10*i + 6. What is the tens digit of y(t)?
7
What is the tens digit of ((-60)/(-6 + 16))/((-2)/691)?
7
Let z(k) = k - 15. Let b be z(17). Suppose 140 = 4*i - 2*v, 89 = 5*i + b*v - 104. What is the tens digit of i?
3
Let f(w) = -w**2 - 17*w. Suppose 0 = 2*r - 10*r - 120. What is the tens digit of f(r)?
3
Let v = -68 - -20. Suppose -4*w - g - 23 = 2*g, 5*g + 21 = 2*w. What is the units digit of v/(w*12/16)?
2
Let g be -5*1*8/(-20). What is the hundreds digit of (-4*(-3)/12 - -112) + g?
1
Let o be (-2)/(-5) - (-84)/(-10). Let q(x) = -10*x + 67. Let i be q(5). Let f = o + i. What is the units digit of f?
9
Let w be -1*(3 + -2) - -1. Suppose w*z = -4*j + 4*z + 332, 2*j = -z + 181. What is the units digit of j?
8
Suppose -5*h = -5*g - 9*h + 4825, -h = -g + 965. What is the units digit of g?
5
What is the hundreds digit of (-124)/310 - 3097/(-5)?
6
Let g = 85 + -76. Let x(z) = 5*z - 44. What is the units digit of x(g)?
1
Let t = 1167 - 426. What is the hundreds digit of t?
7
Let g(v) = -3*v**3 + 2*v**2 - 5*v + 8. Let q be g(4). Let t = q + 329. What is the tens digit of t?
5
Let g = -9 + 13. Suppose g*c = 4*s - 36, 3*s - 2*s - 24 = 4*c. Suppose a = s*a - 87. What is the units digit of a?
9
Let o = -5 + 5. Suppose -4 = -r - o*r. Let b(t) = 9*t + 1. What is the tens digit of b(r)?
3
Let f be ((-56)/(-24))/(((-2)/6)/(-1)). Suppose 0 = -6*h - f + 403. What is the tens digit of h?
6
Let g(d) = 14*d**2 - 10*d + 25. What is the units digit of g(5)?
5
What is the hundreds digit of 60280/60 + 2/(-3)?
0
Let v(z) = z**2 + 7*z + 1.